{"id":485,"date":"2020-10-02T13:29:22","date_gmt":"2020-10-02T16:29:22","guid":{"rendered":"http:\/\/fbpf.org.br\/site\/?page_id=485"},"modified":"2022-02-19T09:04:47","modified_gmt":"2022-02-19T12:04:47","slug":"statut-de-la-federation","status":"publish","type":"page","link":"https:\/\/fbpf.org.br\/site\/statut-de-la-federation\/","title":{"rendered":"Statut de la f\u00e9d\u00e9ration"},"content":{"rendered":"\n<h3 class=\"wp-block-heading\" id=\"2019\"><strong>2022:<\/strong><\/h3>\n\n\n\n<ul class=\"wp-block-list\"><li><a rel=\"noreferrer noopener\" href=\"http:\/\/fbpf.org.br\/arquivos\/Estatuto_Atual_16_02_2022.pdf\" target=\"_blank\"><strong>Estatuto Atualizado em 16\/02\/2022<\/strong><\/a><\/li><\/ul>\n\n\n\n<div style=\"height:40px\" aria-hidden=\"true\" class=\"wp-block-spacer\"><\/div>\n\n\n\n<h3 class=\"wp-block-heading\" id=\"2019\"><strong>2019:<\/strong><\/h3>\n\n\n\n<ul class=\"wp-block-list\"><li><strong><a href=\"http:\/\/www.fbpf.org.br\/arquivos\/FBPF-Estatuto-3jan20.pdf\" target=\"_blank\" rel=\"noreferrer noopener\">Altera\u00e7\u00e3o Estatut\u00e1ria em 19 de Setembro de 2019<\/a><\/strong><\/li><\/ul>\n\n\n\n<div style=\"height:40px\" aria-hidden=\"true\" class=\"wp-block-spacer\"><\/div>\n\n\n\n<h3 class=\"wp-block-heading\" id=\"2018\"><strong>2018:<\/strong><\/h3>\n\n\n\n<ul class=\"wp-block-list\"><li><strong><a href=\"http:\/\/www.fbpf.org.br\/arquivos\/estatuto_22outubro2018_VF.pdf\" target=\"_blank\" rel=\"noreferrer noopener\">Estatuto modificado em 22 de outubro de 2018<\/a> &nbsp;&nbsp;&nbsp;&nbsp;-&gt;&nbsp;&nbsp;&nbsp;&nbsp;&nbsp;&nbsp;&nbsp; <a href=\"http:\/\/www.fbpf.org.br\/arquivos\/EstatutoVigente-22out18.pdf\" target=\"_blank\" rel=\"noreferrer noopener\">Estatuto Atual &#8211; Documento escaneado<\/a><\/strong><\/li><li><strong><a href=\"http:\/\/www.fbpf.org.br\/arquivos\/EstatutoFBPF2018a.pdf\" target=\"_blank\" rel=\"noreferrer noopener\">Estatuto aprovado em 20 de abril de 2018<\/a><\/strong><\/li><\/ul>\n\n\n\n<div style=\"height:40px\" aria-hidden=\"true\" class=\"wp-block-spacer\"><\/div>\n\n\n\n<h3 class=\"wp-block-heading\" id=\"anteriores\"><strong>Anteriores:<\/strong><\/h3>\n\n\n\n<ul class=\"wp-block-list\"><li><a rel=\"noreferrer noopener\" href=\"http:\/\/www.fbpf.org.br\/arquivos\/2013\/ESTATUTO_aprovado_em_2007.pdf\" target=\"_blank\"><strong>Estatuto aprovado em 2007<\/strong><\/a><\/li><li><strong><a rel=\"noreferrer noopener\" href=\"http:\/\/www.fbpf.org.br\/arquivos\/2013\/Estatuto_FBPF.pdf\" target=\"_blank\">Estatuto da FBPF<\/a><\/strong><br>&nbsp;<\/li><li><a rel=\"noreferrer noopener\" href=\"http:\/\/www.fbpf.org.br\/arquivos\/2013\/Estatuto_2007.pdf\" target=\"_blank\">Estatuto 2007<\/a><\/li><li><a rel=\"noreferrer noopener\" href=\"http:\/\/www.fbpf.org.br\/arquivos\/2013\/Estatuto_2001.pdf\" target=\"_blank\">Estatuto 2001<\/a><\/li><li><a rel=\"noreferrer noopener\" href=\"http:\/\/www.fbpf.org.br\/arquivos\/2013\/Estatuto_1995.pdf\" target=\"_blank\">Estatuto 1995<\/a><\/li><\/ul>\n","protected":false},"excerpt":{"rendered":"<p>2022: Estatuto Atualizado em 16\/02\/2022 2019: Altera\u00e7\u00e3o Estatut\u00e1ria em 19 de Setembro de 2019 2018: Estatuto modificado em 22 de outubro de 2018 &nbsp;&nbsp;&nbsp;&nbsp;-&gt;&nbsp;&nbsp;&nbsp;&nbsp;&nbsp;&nbsp;&nbsp; Estatuto Atual &#8211; Documento escaneado Estatuto aprovado em 20 de abril de 2018 Anteriores: Estatuto aprovado em 2007 Estatuto da FBPF&nbsp; Estatuto 2007 Estatuto 2001 Estatuto 1995<\/p>\n","protected":false},"author":2,"featured_media":0,"parent":0,"menu_order":0,"comment_status":"closed","ping_status":"closed","template":"","meta":{"footnotes":""},"class_list":["post-485","page","type-page","status-publish","hentry"],"featured_image_src":null,"_links":{"self":[{"href":"https:\/\/fbpf.org.br\/site\/wp-json\/wp\/v2\/pages\/485","targetHints":{"allow":["GET"]}}],"collection":[{"href":"https:\/\/fbpf.org.br\/site\/wp-json\/wp\/v2\/pages"}],"about":[{"href":"https:\/\/fbpf.org.br\/site\/wp-json\/wp\/v2\/types\/page"}],"author":[{"embeddable":true,"href":"https:\/\/fbpf.org.br\/site\/wp-json\/wp\/v2\/users\/2"}],"replies":[{"embeddable":true,"href":"https:\/\/fbpf.org.br\/site\/wp-json\/wp\/v2\/comments?post=485"}],"version-history":[{"count":9,"href":"https:\/\/fbpf.org.br\/site\/wp-json\/wp\/v2\/pages\/485\/revisions"}],"predecessor-version":[{"id":2999,"href":"https:\/\/fbpf.org.br\/site\/wp-json\/wp\/v2\/pages\/485\/revisions\/2999"}],"wp:attachment":[{"href":"https:\/\/fbpf.org.br\/site\/wp-json\/wp\/v2\/media?parent=485"}],"curies":[{"name":"wp","href":"https:\/\/api.w.org\/{rel}","templated":true}]}}