{"id":937,"date":"2020-10-10T17:27:12","date_gmt":"2020-10-10T20:27:12","guid":{"rendered":"http:\/\/fbpf.org.br\/site\/?page_id=937"},"modified":"2020-10-17T14:20:41","modified_gmt":"2020-10-17T17:20:41","slug":"galerie-de-photos","status":"publish","type":"page","link":"https:\/\/fbpf.org.br\/site\/galerie-de-photos\/","title":{"rendered":"Galerie de Photos"},"content":{"rendered":"\n<figure class=\"wp-block-image alignwide size-large\"><img decoding=\"async\" src=\"http:\/\/www.fbpf.org.br\/images\/galeria_fotos_fr.jpg\" alt=\"Galerie de Photos\"\/><\/figure>\n\n\n\n<figure class=\"wp-block-table\"><table><tbody><tr><td><strong>XIX Congresso Brasileiro dos Professores de Franc\u00eas &#8211; Niteroi setembro de 2013<\/strong><\/td><\/tr><\/tbody><\/table><\/figure>\n\n\n\n<figure class=\"wp-block-table\"><table><tbody><tr><td><img decoding=\"async\" src=\"http:\/\/www.fbpf.org.br\/galeria\/01_19_cbpf.jpg\" alt=\"\" style=\"width: 260px;\"><\/td><td><img decoding=\"async\" src=\"http:\/\/www.fbpf.org.br\/galeria\/02_19_cbpf.jpg\" alt=\"\" style=\"width: 260px;\"><\/td><td><img decoding=\"async\" src=\"http:\/\/www.fbpf.org.br\/galeria\/03_19_cbpf.jpg\" alt=\"\" style=\"width: 260px;\"><\/td><\/tr><\/tbody><\/table><\/figure>\n\n\n\n<figure class=\"wp-block-table\"><table><tbody><tr><td><img decoding=\"async\" src=\"http:\/\/www.fbpf.org.br\/galeria\/04_19_cbpf.jpg\" alt=\"\" style=\"width: 260px;\"><\/td><td><img decoding=\"async\" src=\"http:\/\/www.fbpf.org.br\/galeria\/05_19_cbpf.jpg\" alt=\"\" style=\"width: 260px;\"><\/td><td><img decoding=\"async\" src=\"http:\/\/www.fbpf.org.br\/galeria\/08_19_cbpf.jpg\" alt=\"\" style=\"width: 260px;\"><\/td><\/tr><\/tbody><\/table><\/figure>\n\n\n\n<figure class=\"wp-block-table\"><table><tbody><tr><td><img decoding=\"async\" src=\"http:\/\/www.fbpf.org.br\/galeria\/07_19_cbpf.jpg\" alt=\"\" style=\"width: 260px;\"><\/td><td><img decoding=\"async\" src=\"http:\/\/www.fbpf.org.br\/galeria\/06_19_cbpf.jpg\" alt=\"\" style=\"width: 260px;\"><\/td><td><img decoding=\"async\" src=\"http:\/\/www.fbpf.org.br\/galeria\/09_19_cbpf.jpg\" alt=\"\" style=\"width: 260px;\"><\/td><\/tr><\/tbody><\/table><\/figure>\n\n\n\n<figure class=\"wp-block-table\"><table><tbody><tr><td><img decoding=\"async\" src=\"http:\/\/www.fbpf.org.br\/galeria\/010_19_cbpf.jpg\" alt=\"\" style=\"width: 260px;\"><\/td><td><\/td><td><\/td><\/tr><\/tbody><\/table><\/figure>\n\n\n\n<hr class=\"wp-block-separator\"\/>\n\n\n\n<figure class=\"wp-block-table\"><table><tbody><tr><td><img decoding=\"async\" src=\"http:\/\/www.fbpf.org.br\/galeria\/3_Encontro_de_Presidentes.jpg\" alt=\"\" style=\"width: 260px;\"><\/td><td><img decoding=\"async\" src=\"http:\/\/www.fbpf.org.br\/galeria\/023.jpg\" alt=\"\" style=\"width: 260px;\"><\/td><td><img decoding=\"async\" src=\"http:\/\/www.fbpf.org.br\/galeria\/024.jpg\" alt=\"\" style=\"width: 260px;\"><\/td><\/tr><tr><td>III Encontro de Presidentes &#8211; Bel\u00e9m novembro de 2012<\/td><td>IV Encontro de Presidentes &#8211;&nbsp; Niteroi setembro de 2013<\/td><\/tr><\/tbody><\/table><\/figure>\n\n\n\n<hr class=\"wp-block-separator\"\/>\n\n\n\n<figure class=\"wp-block-table\"><table><tbody><tr><td><strong>Prepara\u00e7\u00e3o do XIX Congresso Brasileiro dos Professores de Franc\u00eas &#8211; janeiro 2013<\/strong><\/td><\/tr><\/tbody><\/table><\/figure>\n\n\n\n<figure class=\"wp-block-table\"><table><tbody><tr><td><img loading=\"lazy\" decoding=\"async\" src=\"http:\/\/www.fbpf.org.br\/galeria\/preparacao_do_XIX_Congresso1.jpg\" alt=\"\" width=\"255\" height=\"170\"><\/td><td><img loading=\"lazy\" decoding=\"async\" src=\"http:\/\/www.fbpf.org.br\/galeria\/preparacao_do_XIX_Congresso2.jpg\" alt=\"\" width=\"255\" height=\"170\"><\/td><td><\/td><\/tr><\/tbody><\/table><\/figure>\n\n\n\n<hr class=\"wp-block-separator\"\/>\n\n\n\n<figure class=\"wp-block-table\"><table><tbody><tr><td><strong>Prix COPALC\/FBPF attribu\u00e9 aux \u00e9tudiants lors du XVIII Congr\u00e8s Br\u00e9silien \u00e0 Curitiba &#8211; octobre 2011<\/strong><\/td><\/tr><\/tbody><\/table><\/figure>\n\n\n\n<figure class=\"wp-block-table\"><table><tbody><tr><td><img loading=\"lazy\" decoding=\"async\" src=\"http:\/\/www.fbpf.org.br\/galeria\/UFRN_Kaline_Sayonnara_Grilo_da_Silva.jpg\" alt=\"\" width=\"255\" height=\"191\"><\/td><td><img loading=\"lazy\" decoding=\"async\" src=\"http:\/\/www.fbpf.org.br\/galeria\/093.jpg\" alt=\"\" width=\"255\" height=\"191\"><\/td><td><img loading=\"lazy\" decoding=\"async\" src=\"http:\/\/www.fbpf.org.br\/galeria\/095.jpg\" alt=\"\" width=\"255\" height=\"191\"><\/td><\/tr><\/tbody><\/table><\/figure>\n\n\n\n<hr class=\"wp-block-separator\"\/>\n\n\n\n<figure class=\"wp-block-table\"><table><tbody><tr><td><img loading=\"lazy\" decoding=\"async\" src=\"http:\/\/www.fbpf.org.br\/galeria\/DSC09638.jpg\" alt=\"\" width=\"255\" height=\"191\"><\/td><td><img loading=\"lazy\" decoding=\"async\" src=\"http:\/\/www.fbpf.org.br\/galeria\/DSC09765.jpg\" alt=\"\" width=\"255\" height=\"191\"><\/td><td><img loading=\"lazy\" decoding=\"async\" src=\"http:\/\/www.fbpf.org.br\/galeria\/078.jpg\" alt=\"\" width=\"255\" height=\"191\"><\/td><\/tr><tr><td>I Encontro dos Presidentes &#8211; Jo\u00e3o Pessoa &#8211; novembro de 2010<\/td><td>II Encontro dos Presidentes &#8211; Curitiba &#8211; outubro de 2011<\/td><\/tr><tr><td><img loading=\"lazy\" decoding=\"async\" src=\"http:\/\/www.fbpf.org.br\/galeria\/1467.jpg\" alt=\"\" width=\"255\" height=\"191\"><\/td><td><img loading=\"lazy\" decoding=\"async\" src=\"http:\/\/www.fbpf.org.br\/galeria\/1472.jpg\" alt=\"\" width=\"255\" height=\"191\"><\/td><td><img loading=\"lazy\" decoding=\"async\" src=\"http:\/\/www.fbpf.org.br\/galeria\/081.jpg\" alt=\"\" width=\"255\" height=\"191\"><\/td><\/tr><tr><td>Abertura e um minuto de apito pela inclus\u00e3o da lingua francesa no ENEM<\/td><td>XVIII Congresso Brasileiro &#8211; Curitiba &#8211; outubro de 2011. Na foto, os quatro presidentes da FBPF, Jos\u00e9 Carlos Chaves Cunha, Dario Pagel, Rosalina Chianca e Marcio Barbosa<\/td><\/tr><\/tbody><\/table><\/figure>\n\n\n\n<hr class=\"wp-block-separator\"\/>\n\n\n\n<figure class=\"wp-block-table\"><table><tbody><tr><td><strong>Prix COPALC\/FBPF attribu\u00e9 aux \u00e9tudiants lors du XVIII Congr\u00e8s Br\u00e9silien \u00e0 Curitiba &#8211; octobre 2011<\/strong><\/td><\/tr><\/tbody><\/table><\/figure>\n\n\n\n<figure class=\"wp-block-table\"><table><tbody><tr><td><img loading=\"lazy\" decoding=\"async\" src=\"http:\/\/www.fbpf.org.br\/galeria\/UFRN_Kaline_Sayonnara_Grilo_da_Silva.jpg\" alt=\"\" width=\"255\" height=\"191\"><\/td><td><img loading=\"lazy\" decoding=\"async\" src=\"http:\/\/www.fbpf.org.br\/galeria\/093.jpg\" alt=\"\" width=\"255\" height=\"191\"><\/td><td><img loading=\"lazy\" decoding=\"async\" src=\"http:\/\/www.fbpf.org.br\/galeria\/095.jpg\" alt=\"\" width=\"255\" height=\"191\"><\/td><\/tr><\/tbody><\/table><\/figure>\n\n\n\n<hr class=\"wp-block-separator\"\/>\n\n\n\n<figure class=\"wp-block-table\"><table><tbody><tr><td><strong>Stage de Professionnalisation des Cadres Associatifs du r\u00e9seau FIPF (juillet 2010)<\/strong><\/td><\/tr><\/tbody><\/table><\/figure>\n\n\n\n<figure class=\"wp-block-table\"><table><tbody><tr><td><img loading=\"lazy\" decoding=\"async\" src=\"http:\/\/www.fbpf.org.br\/galeria\/Stage_FIPF_juillet2010_01.jpg\" alt=\"\" width=\"255\" height=\"191\"><\/td><td><img loading=\"lazy\" decoding=\"async\" src=\"http:\/\/www.fbpf.org.br\/galeria\/Stage_FIPF_juillet2010_02.jpg\" alt=\"\" width=\"255\" height=\"191\"><\/td><td><img loading=\"lazy\" decoding=\"async\" src=\"http:\/\/www.fbpf.org.br\/galeria\/Stage_FIPF_juillet2010_03.jpg\" alt=\"\" width=\"255\" height=\"191\"><\/td><\/tr><\/tbody><\/table><\/figure>\n\n\n\n<figure class=\"wp-block-table\"><table><tbody><tr><td><img loading=\"lazy\" decoding=\"async\" src=\"http:\/\/www.fbpf.org.br\/galeria\/Stage_FIPF_juillet2010_04.jpg\" alt=\"\" width=\"255\" height=\"191\"><\/td><td><img loading=\"lazy\" decoding=\"async\" src=\"http:\/\/www.fbpf.org.br\/galeria\/Stage_FIPF_juillet2010_05.jpg\" alt=\"\" width=\"255\" height=\"191\"><\/td><td><img loading=\"lazy\" decoding=\"async\" src=\"http:\/\/www.fbpf.org.br\/galeria\/Stage_FIPF_juillet2010_06.jpg\" alt=\"\" width=\"255\" height=\"191\"><\/td><\/tr><\/tbody><\/table><\/figure>\n\n\n\n<figure class=\"wp-block-table\"><table><tbody><tr><td><img loading=\"lazy\" decoding=\"async\" src=\"http:\/\/www.fbpf.org.br\/galeria\/Stage_FIPF_juillet2010_07.jpg\" alt=\"\" width=\"255\" height=\"191\"><\/td><td><img loading=\"lazy\" decoding=\"async\" src=\"http:\/\/www.fbpf.org.br\/galeria\/Stage_FIPF_juillet2010_08.jpg\" alt=\"\" width=\"255\" height=\"191\"><\/td><td><img loading=\"lazy\" decoding=\"async\" src=\"http:\/\/www.fbpf.org.br\/galeria\/Stage_FIPF_juillet2010_09.jpg\" alt=\"\" width=\"255\" height=\"191\"><\/td><\/tr><\/tbody><\/table><\/figure>\n\n\n\n<hr class=\"wp-block-separator\"\/>\n\n\n\n<figure class=\"wp-block-table\"><table><tbody><tr><td><strong>II Encontro das Licenciaturas em BH<\/strong><\/td><\/tr><\/tbody><\/table><\/figure>\n\n\n\n<figure class=\"wp-block-table\"><table><tbody><tr><td><img loading=\"lazy\" decoding=\"async\" src=\"http:\/\/www.fbpf.org.br\/galeria\/2enc_licenciaturas_bh_001.jpg\" alt=\"\" width=\"255\" height=\"191\"><\/td><td><img loading=\"lazy\" decoding=\"async\" src=\"http:\/\/www.fbpf.org.br\/galeria\/2enc_licenciaturas_bh_002.jpg\" alt=\"\" width=\"255\" height=\"191\"><\/td><td><img loading=\"lazy\" decoding=\"async\" src=\"http:\/\/www.fbpf.org.br\/galeria\/2enc_licenciaturas_bh_003.jpg\" alt=\"\" width=\"255\" height=\"191\"><\/td><\/tr><\/tbody><\/table><figcaption>Nas fotos, Dario Pagel, Marcio Barbosa e Rosalina Chianca (presidentes da FBPF)<\/figcaption><\/figure>\n","protected":false},"excerpt":{"rendered":"<p>XIX Congresso Brasileiro dos Professores de Franc\u00eas &#8211; Niteroi setembro de 2013 III Encontro de Presidentes &#8211; Bel\u00e9m novembro de 2012 IV Encontro de Presidentes &#8211;&nbsp; Niteroi setembro de 2013 Prepara\u00e7\u00e3o do XIX Congresso Brasileiro dos Professores de Franc\u00eas &#8211; janeiro 2013 Prix COPALC\/FBPF attribu\u00e9 aux \u00e9tudiants lors du XVIII Congr\u00e8s Br\u00e9silien \u00e0 Curitiba &#8211;<\/p>\n<p class=\"more-link-wrapper\"><a href=\"https:\/\/fbpf.org.br\/site\/galerie-de-photos\/\" class=\"more-link\">Continue de lire<span class=\"screen-reader-text\"> &#8220;Galerie de Photos&#8221;<\/span><\/a><\/p>\n","protected":false},"author":2,"featured_media":0,"parent":0,"menu_order":0,"comment_status":"closed","ping_status":"closed","template":"","meta":{"footnotes":""},"class_list":["post-937","page","type-page","status-publish","hentry"],"featured_image_src":null,"_links":{"self":[{"href":"https:\/\/fbpf.org.br\/site\/wp-json\/wp\/v2\/pages\/937","targetHints":{"allow":["GET"]}}],"collection":[{"href":"https:\/\/fbpf.org.br\/site\/wp-json\/wp\/v2\/pages"}],"about":[{"href":"https:\/\/fbpf.org.br\/site\/wp-json\/wp\/v2\/types\/page"}],"author":[{"embeddable":true,"href":"https:\/\/fbpf.org.br\/site\/wp-json\/wp\/v2\/users\/2"}],"replies":[{"embeddable":true,"href":"https:\/\/fbpf.org.br\/site\/wp-json\/wp\/v2\/comments?post=937"}],"version-history":[{"count":10,"href":"https:\/\/fbpf.org.br\/site\/wp-json\/wp\/v2\/pages\/937\/revisions"}],"predecessor-version":[{"id":1062,"href":"https:\/\/fbpf.org.br\/site\/wp-json\/wp\/v2\/pages\/937\/revisions\/1062"}],"wp:attachment":[{"href":"https:\/\/fbpf.org.br\/site\/wp-json\/wp\/v2\/media?parent=937"}],"curies":[{"name":"wp","href":"https:\/\/api.w.org\/{rel}","templated":true}]}}