{"id":992,"date":"2020-10-12T08:40:35","date_gmt":"2020-10-12T11:40:35","guid":{"rendered":"http:\/\/fbpf.org.br\/site\/?page_id=992"},"modified":"2025-05-20T07:09:03","modified_gmt":"2025-05-20T10:09:03","slug":"congres-nationaux","status":"publish","type":"page","link":"https:\/\/fbpf.org.br\/site\/congres-nationaux\/","title":{"rendered":"Congr\u00e8s Nationaux"},"content":{"rendered":"\n<h3 class=\"wp-block-heading\"><strong>2025:<\/strong><\/h3>\n\n\n\n<figure class=\"wp-block-image size-medium is-style-default\"><a href=\"https:\/\/www.even3.com.br\/xxiv-congres-bresilien-des-professeurs-de-francais\/\" target=\"_blank\" rel=\" noreferrer noopener\"><img loading=\"lazy\" decoding=\"async\" width=\"300\" height=\"150\" src=\"https:\/\/fbpf.org.br\/site\/wp-content\/uploads\/2025\/05\/Banner_Federacao_Interativo-2-300x150.jpg\" alt=\"XXIVe Congr\u00e8s Br\u00e9silien des Professeurs de Fran\u00e7ais\" class=\"wp-image-3675\" srcset=\"https:\/\/fbpf.org.br\/site\/wp-content\/uploads\/2025\/05\/Banner_Federacao_Interativo-2-300x150.jpg 300w, https:\/\/fbpf.org.br\/site\/wp-content\/uploads\/2025\/05\/Banner_Federacao_Interativo-2-1024x512.jpg 1024w, https:\/\/fbpf.org.br\/site\/wp-content\/uploads\/2025\/05\/Banner_Federacao_Interativo-2-768x384.jpg 768w, https:\/\/fbpf.org.br\/site\/wp-content\/uploads\/2025\/05\/Banner_Federacao_Interativo-2.jpg 1330w\" sizes=\"auto, (max-width: 300px) 100vw, 300px\" \/><\/a><\/figure>\n\n\n\n<div style=\"height:20px\" aria-hidden=\"true\" class=\"wp-block-spacer\"><\/div>\n\n\n\n<h3 class=\"wp-block-heading\"><strong>2022:<\/strong><\/h3>\n\n\n\n<figure class=\"wp-block-image size-large is-resized\"><a href=\"https:\/\/fbpf.org.br\/site\/apfs\/mato-grosso\/xxiiieme-congres-bresilien-des-professeurs-de-francais-a-cuiaba-mt\/\"><img loading=\"lazy\" decoding=\"async\" width=\"1024\" height=\"764\" src=\"https:\/\/fbpf.org.br\/site\/wp-content\/uploads\/2021\/12\/XXIIIeme_cbpf2022.png-1024x764.png\" alt=\"\" class=\"wp-image-2856\" style=\"width:303px;height:226px\" srcset=\"https:\/\/fbpf.org.br\/site\/wp-content\/uploads\/2021\/12\/XXIIIeme_cbpf2022.png-1024x764.png 1024w, https:\/\/fbpf.org.br\/site\/wp-content\/uploads\/2021\/12\/XXIIIeme_cbpf2022.png-300x224.png 300w, https:\/\/fbpf.org.br\/site\/wp-content\/uploads\/2021\/12\/XXIIIeme_cbpf2022.png-768x573.png 768w, https:\/\/fbpf.org.br\/site\/wp-content\/uploads\/2021\/12\/XXIIIeme_cbpf2022.png.png 1503w\" sizes=\"auto, (max-width: 1024px) 100vw, 1024px\" \/><\/a><\/figure>\n\n\n\n<h6 class=\"wp-block-heading\"><strong>Le XXIII\u00e8me Congr\u00e8s br\u00e9silien des professeurs de fran\u00e7ais \u00e0 Cuiab\u00e1 (MT) s&#8217;annonce!<br>Du 16 au 19 octobre 2022.<br>Merci \u00e0 l&#8217;APFMT pour toutes les d\u00e9marches pour l&#8217;organisation du CBPF!<\/strong><\/h6>\n\n\n\n<p><strong>Lettres d\u2019information du XXIII CBPF:<\/strong><\/p>\n\n\n\n<ul class=\"wp-block-list\">\n<li><a href=\"http:\/\/fbpf.org.br\/arquivos\/8e_Lettre_dinfo_XXIIICBPF-Cuiaba2022.pdf\" target=\"_blank\" rel=\"noreferrer noopener\">Huiti\u00e8me Lettre d\u2019Informations<\/a> &#8211; 05 ao\u00fbt 2022<\/li>\n\n\n\n<li><a href=\"http:\/\/fbpf.org.br\/arquivos\/7e_Lettre_dinfo_XXIIICBPF-Cuiaba2022.pdf\" target=\"_blank\" rel=\"noreferrer noopener\">Septi\u00e8me Lettre d\u2019Informations<\/a> &#8211; 22 juillet 2022<\/li>\n\n\n\n<li><a href=\"http:\/\/fbpf.org.br\/arquivos\/6e_Lettre_dinfo_XXIIICBPF-Cuiaba2022.pdf\" target=\"_blank\" rel=\"noreferrer noopener\">Sixi\u00e8me Lettre d\u2019Informations<\/a> &#8211; 17 juillet 2022<\/li>\n\n\n\n<li><a href=\"http:\/\/fbpf.org.br\/arquivos\/5e_Lettre%20_dinfo_XXIIICBPF-Cuiaba2022.pdf\" target=\"_blank\" rel=\"noreferrer noopener\">Cinqui\u00e8me Lettre d\u2019Informations<\/a> &#8211; 14 juin 2022<\/li>\n\n\n\n<li><a href=\"http:\/\/fbpf.org.br\/arquivos\/4e_Lettre_dinfo_XXIIICBPF_Cuiaba2022.pdf\" target=\"_blank\" rel=\"noreferrer noopener\">Quatri\u00e8me Lettre d\u2019Informations<\/a> &#8211; 07 juin 2022<\/li>\n\n\n\n<li><a href=\"http:\/\/fbpf.org.br\/arquivos\/3e_Lettre_dinfo_XXIIICBPF_Cuiaba2022.pdf\" target=\"_blank\" rel=\"noreferrer noopener\">Troisi\u00e8me Lettre d\u2019Informations<\/a> &#8211; 03 juin 2022<\/li>\n\n\n\n<li><a href=\"http:\/\/fbpf.org.br\/arquivos\/2e_Lettre_dinfo_XXIIICBPF_Cuiaba2022.pdf\" target=\"_blank\" rel=\"noreferrer noopener\">Deuxi\u00e8me Lettre<\/a> &#8211; 19 mai 2022<\/li>\n\n\n\n<li><a href=\"http:\/\/fbpf.org.br\/arquivos\/1ere_Lettre_dinfo_XXIIICBPF_Cuiaba2022.pdf\" target=\"_blank\" rel=\"noreferrer noopener\">Premi\u00e8re Lettre<\/a> &#8211; 06 mai 2022<\/li>\n<\/ul>\n\n\n\n<hr class=\"wp-block-separator has-alpha-channel-opacity\"\/>\n\n\n\n<h3 class=\"wp-block-heading\"><strong>2021:<\/strong><\/h3>\n\n\n\n<figure class=\"wp-block-image size-large\"><img loading=\"lazy\" decoding=\"async\" width=\"671\" height=\"114\" src=\"https:\/\/fbpf.org.br\/site\/wp-content\/uploads\/2021\/03\/letras_raras_logo.png\" alt=\"Revista Letras Raras\" class=\"wp-image-2117\" srcset=\"https:\/\/fbpf.org.br\/site\/wp-content\/uploads\/2021\/03\/letras_raras_logo.png 671w, https:\/\/fbpf.org.br\/site\/wp-content\/uploads\/2021\/03\/letras_raras_logo-300x51.png 300w\" sizes=\"auto, (max-width: 671px) 100vw, 671px\" \/><\/figure>\n\n\n\n<h4 class=\"wp-block-heading\"><strong>Appel \u00e0 contributions &#8211; FBPF et Revista Letras Raras 2021<\/strong><\/h4>\n\n\n\n<ul class=\"wp-block-list\">\n<li><a href=\"http:\/\/revistas.ufcg.edu.br\/ch\/index.php\/RLR\" target=\"_blank\" rel=\"noreferrer noopener\">Revista Letras Raras (ufcg.edu.br)<\/a><\/li>\n\n\n\n<li><a href=\"http:\/\/fbpf.org.br\/arquivos\/FBPF_Letras%20Raras_2021.pdf\" target=\"_blank\" rel=\"noreferrer noopener\">Appel \u00e0 contributions<\/a><\/li>\n<\/ul>\n\n\n\n<hr class=\"wp-block-separator has-css-opacity\"\/>\n\n\n\n<h3 class=\"wp-block-heading\"><strong>2020:<\/strong><\/h3>\n\n\n\n<figure class=\"wp-block-image size-large\"><img loading=\"lazy\" decoding=\"async\" width=\"760\" height=\"210\" src=\"https:\/\/fbpf.org.br\/site\/wp-content\/uploads\/2020\/10\/dates_reportees-2_xxiicbpf.png\" alt=\"\" class=\"wp-image-1415\" srcset=\"https:\/\/fbpf.org.br\/site\/wp-content\/uploads\/2020\/10\/dates_reportees-2_xxiicbpf.png 760w, https:\/\/fbpf.org.br\/site\/wp-content\/uploads\/2020\/10\/dates_reportees-2_xxiicbpf-300x83.png 300w\" sizes=\"auto, (max-width: 760px) 100vw, 760px\" \/><\/figure>\n\n\n\n<ul class=\"wp-block-list recuo_block\">\n<li><a href=\"http:\/\/fbpf.org.br\/arquivos\/Anais_XXIICBPF_Brasilia_Octobre_2019.pdf\" target=\"_blank\" rel=\"noreferrer noopener\">Actes du XXII\u00e8me Congr\u00e8s br\u00e9silien des professeurs de fran\u00e7ais<\/a><\/li>\n\n\n\n<li><a href=\"http:\/\/fbpf.org.br\/arquivos\/Orientations_auteurs_Appel_Eclair_Actes_XXIICBPF_OCTOBRE_2020.pdf\" target=\"_blank\" rel=\"noreferrer noopener\">Orientations pour l\u2019envoi des textes pour les Actes du XXII\u00e8me CBPF<\/a><\/li>\n<\/ul>\n\n\n\n<hr class=\"wp-block-separator has-css-opacity\"\/>\n\n\n\n<h3 class=\"wp-block-heading\"><strong>2019:<\/strong><\/h3>\n\n\n<div class=\"wp-block-image\">\n<figure class=\"alignleft size-large is-resized\"><img decoding=\"async\" src=\"http:\/\/www.finatec.org.br\/site\/wp-content\/uploads\/2019\/10\/22.png\" alt=\"\" style=\"width:349px;height:232px\"\/><\/figure>\n<\/div>\n\n\n<h5 class=\"wp-block-heading has-text-align-left\">Bras\u00edlia foi a escolhida para o Congresso Brasileiro de Professores de Franc\u00eas e movimentou a Finatec com apresenta\u00e7\u00f5es de p\u00f4steres, palestras e profissionais da \u00e1rea.<\/h5>\n\n\n\n<p>A 22\u00aa edi\u00e7\u00e3o do Congresso Brasileiro de Professores de Franc\u00eas aconteceu nos dias 08 a 11 de outubro, na sede da Finatec, em Bras\u00edlia. A Associa\u00e7\u00e3o dos Professores de Franc\u00eas do Distrito Federal, entidade respons\u00e1vel por organizar essa edi\u00e7\u00e3o, n\u00e3o poupou esfor\u00e7os para que a segunda edi\u00e7\u00e3o realizada na capital ficasse marcada na mem\u00f3ria dos mais 400 participantes presentes no evento.<\/p>\n\n\n\n<p>Leia mais em <a href=\"http:\/\/www.finatec.org.br\/noticias\/brasilia-foi-a-escolhida-para-o-congresso-brasileiro-de-professores-de-frances-e-movimentou-a-finatec-com-apresentacoes-de-posteres-palestras-e-profissionais-da-area\" target=\"_blank\" rel=\"noreferrer noopener\">www.finatec.org.br\/noticias\/brasilia-foi-a-escolhida-para-o-congresso-brasileiro-de-professores-de-frances-e-movimentou-a-finatec-com-apresentacoes-de-posteres-palestras-e-profissionais-da-area<\/a><\/p>\n\n\n\n<hr class=\"wp-block-separator has-css-opacity\"\/>\n\n\n<div class=\"wp-block-image\">\n<figure class=\"alignleft size-large\"><img decoding=\"async\" src=\"http:\/\/www.fbpf.org.br\/images\/xxiicbpf.jpg\" alt=\"\"\/><\/figure>\n<\/div>\n\n\n<ul class=\"wp-block-list\">\n<li><strong>&nbsp;<a href=\"http:\/\/www.fbpf.org.br\/arquivos\/xxiicbpf2019\/1ere_Lettre_dinfo_XXIICBPF_Brasilia2019.pdf\" target=\"_blank\" rel=\"noreferrer noopener\">Premi\u00e8re Lettre d&#8217;Informations<\/a><\/strong><\/li>\n\n\n\n<li><a href=\"http:\/\/www.fbpf.org.br\/arquivos\/xxiicbpf2019\/XXIICBPF_Brasilia2019_DOSSIER_EXPOSANTS.pdf\" target=\"_blank\" rel=\"noreferrer noopener\">LES MOTS DE LA PR\u00c9SIDENTE DU CONGR\u00c8S AUX PARTENAIRES ET SPONSORS DU XXII CBPF<\/a><\/li>\n\n\n\n<li><a href=\"http:\/\/brasilia2019.fipf.org\" target=\"_blank\" rel=\"noreferrer noopener\">Site do XXII CBPF<\/a><\/li>\n\n\n\n<li><a href=\"https:\/\/facebook.com\/brasilia2019\" target=\"_blank\" rel=\"noreferrer noopener\">P\u00e1gina do XXII CBPF no Facebook<\/a><\/li>\n\n\n\n<li><a href=\"http:\/\/brasilia2019.fipf.org\/symposiums\/resumes\" target=\"_blank\" rel=\"noreferrer noopener\">D\u00e9couvrez les r\u00e9sum\u00e9s des symposiums<\/a><\/li>\n\n\n\n<li><a href=\"http:\/\/fipf.org\/actualite\/le-xxiie-congres-bresilien-des-professeurs-de-francais-tenu-toutes-ses-promesses\" target=\"_blank\" rel=\"noreferrer noopener\">Le XXIIe Congr\u00e8s br\u00e9silien des professeurs de fran\u00e7ais a tenu toutes ses promesses<\/a><\/li>\n\n\n\n<li><a href=\"http:\/\/revistas.ufcg.edu.br\/ch\/index.php\/RLR\/article\/view\/2020\" target=\"_blank\" rel=\"noreferrer noopener\">Pr\u00e9sentation des Actes du XXII\u00e8me Congr\u00e8s br\u00e9silien des professeurs de fran\u00e7ais<\/a><\/li>\n<\/ul>\n\n\n\n<p><img loading=\"lazy\" decoding=\"async\" src=\"http:\/\/www.fbpf.org.br\/images\/box.gif\" alt=\"\" width=\"10\" height=\"10\">&nbsp;<strong>Attention:<\/strong><br>Soumissions des communications libres et affiches : jusqu&#8217;au 07 juin. Nouveau d\u00e9lai !! Soumissions pour des communications dans le cadre des symposiums: directement avec les responsables des symposiums par email. Les responsables des symposiums doivent nous rendre les noms des participants et d\u00e9tails des activit\u00e9s jusqu&#8217;au 10 juin.<br>R\u00e9sultats: le 15 juin.<br>Inscription: premier prix: jusqu&#8217;au 20 juin.<br>Participez!!<\/p>\n\n\n\n<p><strong>Aux responsables de symposium&nbsp;:<\/strong><br><a rel=\"noreferrer noopener\" href=\"http:\/\/www.fbpf.org.br\/arquivos\/xxiicbpf2019\/Organisation_de_symposium_modele_XXIICBPF.docx\" target=\"_blank\"><strong>Mod\u00e8le d\u2019organisation de symposium&nbsp;!<\/strong><\/a><br>Envoyez votre organisation au comit\u00e9 scientifique&nbsp;: <a href=\"mailto:xxiicbpf.cscientifique@gmail.com\">xxiicbpf.cscientifique@gmail.com<\/a><\/p>\n\n\n\n<hr class=\"wp-block-separator has-css-opacity\"\/>\n\n\n\n<h3 class=\"wp-block-heading\"><strong>Anos anteriores:<\/strong><\/h3>\n\n\n\n<pre class=\"wp-block-verse\"><a rel=\"noreferrer noopener\" href=\"http:\/\/www.fbpf.org.br\/arquivos\/programme.pdf\" target=\"_blank\">PROGRAMME DU XXIe CONGR\u00c8S BR\u00c9SILIEN DES PROFESSEURS DE FRAN\u00c7AIS - Version Finale<\/a><\/pre>\n\n\n<div class=\"wp-block-image\">\n<figure class=\"alignleft size-large\"><img decoding=\"async\" src=\"http:\/\/www.fbpf.org.br\/images\/logo_novo.png\" alt=\"\"\/><\/figure>\n<\/div>\n\n\n<ul class=\"wp-block-list\">\n<li><a href=\"http:\/\/www.fbpf.org.br\/arquivos\/convocacao2.jpg\" target=\"_blank\" rel=\"noreferrer noopener\">Convoca\u00e7\u00e3o aos presidentes das APFs do Brasil para Assembleia Extraordin\u00e1ria &#8211; 10\/09\/2017<\/a><\/li>\n\n\n\n<li><a href=\"http:\/\/www.fbpf.org.br\/arquivos\/convocacao1.jpg\" target=\"_blank\" rel=\"noreferrer noopener\">Convoca\u00e7\u00e3o aos presidentes das APFs do Brasil para Assembleia Extraordin\u00e1ria &#8211; 12\/09\/2017<\/a><\/li>\n\n\n\n<li><a href=\"http:\/\/www.fbpf.org.br\/arquivos\/Chapa_Eleicao_Carta_Programa.pdf\" target=\"_blank\" rel=\"noreferrer noopener\">Candidatos para Diretoria da FBPF \u2013 Bureau 2017-2019<\/a><\/li>\n\n\n\n<li><a href=\"http:\/\/www.fbpf.org.br\/arquivos\/Caderno_de_Resumos_Final.pdf\" target=\"_blank\" rel=\"noreferrer noopener\">Cahier de r\u00e9sum\u00e9s du XXIe CBPF<\/a><\/li>\n<\/ul>\n\n\n\n<hr class=\"wp-block-separator has-css-opacity\"\/>\n\n\n\n<figure class=\"wp-block-image\"><img decoding=\"async\" src=\"http:\/\/www.fbpf.org.br\/images\/amapa.png\" alt=\"\"\/><\/figure>\n\n\n\n<p><strong>XX CONGRES BRESILIEN DES PROFESSEURS DE FRANCAIS du 20 au 23 septembre 2015<\/strong><\/p>\n\n\n\n<p>L&#8217;Association des Professeurs de Fran\u00e7ais de l&#8217;Amapa &#8211; APROFAP et ses partenaires organisent le XX CONGRES BRESILIEN DES PROFESSEURS DE FRANCAIS du 20 au 23 septembre 2015, le th\u00e8me &#8220;UNIS DANS LA DIVERSITE: LE FRANCAIS LANGUE FRONTIRES&#8221;. Le colloque portant sur les aspects culturels, linguistiques et p\u00e9dagogiques de l\u2019enseignement-apprentissage du fran\u00e7ais langue \u00e9trang\u00e8re (FLE).&nbsp;<br><br>Nous vous invitons \u00e0 vous joindre \u00e0 nous pour partager vos exp\u00e9riences et vos recherches et aussi pour participer \u00e0 la mise en marche d\u2019une offre culturelle et linguistique au sein d\u2019une perspective alternative et r\u00e9ellement respectueuse de la diversit\u00e9 dans la zone fronti\u00e8re de cet immense pays continnent.<br>Le congr\u00e8s explorera de fa\u00e7on professionnelle et interdisciplinaire le r\u00f4le et le potentiel du fran\u00e7ais comme langue symbole de diversit\u00e9 et fronti\u00e8re.<br><br>Il le fera suivant quatre axes :<\/p>\n\n\n\n<ul class=\"wp-block-list\">\n<li>Politique linguistique et contextualisation didactique<\/li>\n\n\n\n<li>Formation, communication et identit\u00e9s plurilangues<\/li>\n\n\n\n<li>De l&#8217;\u00e9pist\u00e9mologie \u00e0 l&#8217;ing\u00e9nieur de formation<\/li>\n\n\n\n<li>Dialogismes litt\u00e9raires et les frontieres interculturels<\/li>\n<\/ul>\n\n\n\n<hr class=\"wp-block-separator has-css-opacity\"\/>\n\n\n\n<p><strong>2013 &#8211; XIX Congr\u00e8s Br\u00e9silien des Professeurs de Fran\u00e7ais<\/strong><\/p>\n\n\n<div class=\"wp-block-image\">\n<figure class=\"alignleft size-large\"><img decoding=\"async\" src=\"http:\/\/www.fbpf.org.br\/images\/xix-cbpf.png\" alt=\"\"\/><\/figure>\n<\/div>\n\n\n<ul class=\"wp-block-list\">\n<li>Site do congresso<\/li>\n\n\n\n<li>Circulares<\/li>\n\n\n\n<li><a href=\"http:\/\/www.fbpf.org.br\/arquivos\/livro_cbpf_set2015.pdf\" target=\"_blank\" rel=\"noreferrer noopener\">Livro<\/a><\/li>\n\n\n\n<li><a href=\"http:\/\/www.fbpf.org.br\/arquivos\/Texto_Rosalina_Les_mots_de.pdf\" target=\"_blank\" rel=\"noreferrer noopener\">Mot du president<\/a><\/li>\n<\/ul>\n\n\n\n<hr class=\"wp-block-separator has-css-opacity\"\/>\n\n\n<div class=\"wp-block-image\">\n<figure class=\"alignright\"><img decoding=\"async\" src=\"http:\/\/www.fbpf.org.br\/images\/congresso_curitiba.gif\" alt=\"XVIII CBPF\"\/><\/figure>\n<\/div>\n\n\n<p><strong>2011 &#8211; XVIII Congr\u00e8s Br\u00e9silien des Professeurs de Fran\u00e7ais<\/strong><\/p>\n\n\n\n<ol class=\"wp-block-list\">\n<li><a href=\"http:\/\/www.fbpf.org.br\/18cbpf\/anais_congresso_curitiba\/anais_xviiicbpf.pdf\" target=\"_blank\" rel=\"noreferrer noopener\"><strong>Anais du XIX CBPF<\/strong><\/a><br><br><br><br><\/li>\n<\/ol>\n\n\n\n<hr class=\"wp-block-separator has-css-opacity\"\/>\n\n\n<div class=\"wp-block-image\">\n<figure class=\"alignright size-large\"><img decoding=\"async\" src=\"http:\/\/www.fbpf.org.br\/images\/congres_icons.png\" alt=\"\"\/><\/figure>\n<\/div>\n\n\n<ul class=\"wp-block-list\">\n<li><strong>XVII Congr\u00e8s Br\u00e9silien des professeurs de fran\u00e7ais<\/strong> &#8211; 2009<br><br><\/li>\n<\/ul>\n\n\n\n<ul class=\"wp-block-list\">\n<li><strong>XVI\u00e8me Congr\u00e8s br\u00e9silien des professeurs de fran\u00e7ais<\/strong><br>La langue fran\u00e7aise, lieu de rencontres et d&#8217;\u00e9changes<br>Jo\u00e3o Pessoa &#8211; PB, du 4 au 9 novembre 2007<br><br><\/li>\n<\/ul>\n\n\n\n<ul class=\"wp-block-list\">\n<li><strong>XV\u00e8me Congr\u00e8s br\u00e9silien des professeurs de fran\u00e7ais<\/strong><br>Plurilingusme et identit\u00e9 culturelle<br>Belo Horizonte &#8211; MG, du 9 au 13 octobre 2005\n<ul class=\"wp-block-list\">\n<li><a href=\"https:\/\/fbpf.org.br\/site\/noticia\/xve-congres-bresilien-des-professeurs-de-francais\/\">XV CBPF &#8211; 2005<\/a><\/li>\n\n\n\n<li><a href=\"http:\/\/www.fbpf.org.br\/cd2\/index.htm\" target=\"_blank\" rel=\"noreferrer noopener\">Anais do XV CBPF<\/a><br><br><\/li>\n<\/ul>\n<\/li>\n<\/ul>\n\n\n\n<ul class=\"wp-block-list\">\n<li><strong>XIV\u00e8me Congr\u00e8s br\u00e9silien des professeurs de fran\u00e7ais<\/strong><br>Le fran\u00e7ais en Amazonie, le fran\u00e7ais au Br\u00e9sil &#8211; pass\u00e9, pr\u00e9sent, avenir<br>Bel\u00e9m &#8211; PA, du 3 au 7 ao\u00fbt 2003\n<ul class=\"wp-block-list\">\n<li><a href=\"http:\/\/www.fbpf.org.br\/cd1\/index.htm\" target=\"_blank\" rel=\"noreferrer noopener\">Anais do XIV CBPF<\/a><\/li>\n<\/ul>\n<\/li>\n<\/ul>\n","protected":false},"excerpt":{"rendered":"<p>2025: 2022: Le XXIII\u00e8me Congr\u00e8s br\u00e9silien des professeurs de fran\u00e7ais \u00e0 Cuiab\u00e1 (MT) s&#8217;annonce!Du 16 au 19 octobre 2022.Merci \u00e0 l&#8217;APFMT pour toutes les d\u00e9marches pour l&#8217;organisation du CBPF! Lettres d\u2019information du XXIII CBPF: 2021: Appel \u00e0 contributions &#8211; FBPF et Revista Letras Raras 2021 2020: 2019: Bras\u00edlia foi a escolhida para o Congresso Brasileiro<\/p>\n<p class=\"more-link-wrapper\"><a href=\"https:\/\/fbpf.org.br\/site\/congres-nationaux\/\" class=\"more-link\">Continue de lire<span class=\"screen-reader-text\"> &#8220;Congr\u00e8s Nationaux&#8221;<\/span><\/a><\/p>\n","protected":false},"author":2,"featured_media":0,"parent":0,"menu_order":0,"comment_status":"closed","ping_status":"closed","template":"","meta":{"footnotes":""},"class_list":["post-992","page","type-page","status-publish","hentry"],"featured_image_src":null,"_links":{"self":[{"href":"https:\/\/fbpf.org.br\/site\/wp-json\/wp\/v2\/pages\/992","targetHints":{"allow":["GET"]}}],"collection":[{"href":"https:\/\/fbpf.org.br\/site\/wp-json\/wp\/v2\/pages"}],"about":[{"href":"https:\/\/fbpf.org.br\/site\/wp-json\/wp\/v2\/types\/page"}],"author":[{"embeddable":true,"href":"https:\/\/fbpf.org.br\/site\/wp-json\/wp\/v2\/users\/2"}],"replies":[{"embeddable":true,"href":"https:\/\/fbpf.org.br\/site\/wp-json\/wp\/v2\/comments?post=992"}],"version-history":[{"count":45,"href":"https:\/\/fbpf.org.br\/site\/wp-json\/wp\/v2\/pages\/992\/revisions"}],"predecessor-version":[{"id":3677,"href":"https:\/\/fbpf.org.br\/site\/wp-json\/wp\/v2\/pages\/992\/revisions\/3677"}],"wp:attachment":[{"href":"https:\/\/fbpf.org.br\/site\/wp-json\/wp\/v2\/media?parent=992"}],"curies":[{"name":"wp","href":"https:\/\/api.w.org\/{rel}","templated":true}]}}